{"id":13,"date":"2026-02-09T14:06:37","date_gmt":"2026-02-09T13:06:37","guid":{"rendered":"https:\/\/alliance-serrurerie.fr\/?page_id=13"},"modified":"2026-03-06T15:34:29","modified_gmt":"2026-03-06T14:34:29","slug":"depannage","status":"publish","type":"page","link":"https:\/\/alliance-serrurerie.fr\/index.php\/depannage\/","title":{"rendered":"D\u00e9pannages et Tarifs"},"content":{"rendered":"\t\t<div data-elementor-type=\"wp-page\" data-elementor-id=\"13\" class=\"elementor elementor-13\">\n\t\t\t\t<div class=\"elementor-element elementor-element-1b728554 e-flex e-con-boxed e-con e-parent\" data-id=\"1b728554\" data-element_type=\"container\" data-e-type=\"container\" data-settings=\"{&quot;background_background&quot;:&quot;classic&quot;}\">\n\t\t\t\t\t<div class=\"e-con-inner\">\n\t\t\t\t<div class=\"elementor-element elementor-element-448a49c7 elementor-widget elementor-widget-text-editor\" data-id=\"448a49c7\" data-element_type=\"widget\" data-e-type=\"widget\" data-widget_type=\"text-editor.default\">\n\t\t\t\t\t\t\t\t\t\n<p class=\"has-text-color has-link-color wp-elements-67f0e09df1ca7a62bcc2ff4f8ab0c180\" style=\"color: #fa7c6b;\"><strong><em>Ouvertures de portes<\/em><\/strong><\/p>\n\n<figure class=\"wp-block-table\">\n<table class=\"has-text-color has-link-color has-fixed-layout\" style=\"color: #325386;\">\n<tbody>\n<tr>\n<td>Ouverture de porte simple claqu\u00e9e<\/td>\n<td>\u00c0 partir de 139 \u20ac<\/td>\n<\/tr>\n<tr>\n<td>Ouverture de porte blind\u00e9e claqu\u00e9e<\/td>\n<td>\u00c0 partir de 169 \u20ac<\/td>\n<\/tr>\n<tr>\n<td>Ouverture de porte simple ferm\u00e9e \u00e0 cl\u00e9<\/td>\n<td>\u00c0 partir de 169 \u20ac<\/td>\n<\/tr>\n<tr>\n<td>Ouverture de porte blind\u00e9e ferm\u00e9e \u00e0 cl\u00e9<\/td>\n<td>\u00c0 partir de 189 \u20ac<\/td>\n<\/tr>\n<\/tbody>\n<\/table>\n<\/figure>\n\n<p class=\"has-text-color has-link-color wp-elements-4416e28215ed34d46d644033e0c7fc39\" style=\"color: #fa7c6b;\"><strong><em>Installation de nouvelles serrures<br \/><\/em><\/strong><\/p>\n\n<figure class=\"wp-block-table\">\n<table class=\"has-text-color has-link-color has-fixed-layout\" style=\"color: #325386;\">\n<tbody>\n<tr>\n<td>Installation serrure simple 1 point<\/td>\n<td>\u00c0 partir de 159 \u20ac<\/td>\n<\/tr>\n<tr>\n<td>Installation serrure multipoints 3 points<\/td>\n<td>\u00c0 partir de 269 \u20ac<\/td>\n<\/tr>\n<tr>\n<td>Pose verrou de s\u00e9curit\u00e9<\/td>\n<td>\u00c0 partir de 139 \u20ac<\/td>\n<\/tr>\n<tr>\n<td>Pose prot\u00e8ge cylindre<\/td>\n<td>\u00c0 partir de 89 \u20ac<\/td>\n<\/tr>\n<\/tbody>\n<\/table>\n<\/figure>\n\n<p class=\"has-text-color has-link-color wp-elements-3c4661bd38a4773f9431b86fb143e2b2\" style=\"color: #fa7c6b;\"><strong><em>Remplacement de serrures et cylindres<\/em><\/strong><\/p>\n\n<figure class=\"wp-block-table\">\n<table class=\"has-text-color has-link-color has-fixed-layout\" style=\"color: #325386;\">\n<tbody>\n<tr>\n<td>Remplacement cylindre standard<\/td>\n<td>\u00c0 partir de 119\u00a0\u20ac<\/td>\n<\/tr>\n<tr>\n<td>Remplacement serrure simple 1 point<\/td>\n<td>\u00c0 partir de 139\u00a0\u20ac<\/td>\n<\/tr>\n<tr>\n<td>Remplacement serrure multipoints 3 points<\/td>\n<td>\u00c0 partir de 289\u00a0\u20ac<\/td>\n<\/tr>\n<\/tbody>\n<\/table>\n<\/figure>\n\n<p class=\"has-text-color has-link-color wp-elements-e9a4cfffbc82934fc4b348fc74f0884e\" style=\"color: #fa7c6b;\"><strong><em>Packs s\u00e9curisation particuliers<\/em><\/strong><\/p>\n\n<figure class=\"wp-block-table\">\n<table class=\"has-text-color has-link-color has-fixed-layout\" style=\"color: #325386;\">\n<tbody>\n<tr>\n<td>Pack Inspection S\u00e9curit\u00e9<\/td>\n<td>Diagnostic complet porte + serrure \u00b7 R\u00e9glage rapide \u00b7 D\u00e9pannage l\u00e9ger offert<\/td>\n<td>\u00c0 partir de 199\u00a0\u20ac<\/td>\n<\/tr>\n<tr>\n<td>Pack Express S\u00e9curisation<\/td>\n<td>Ouverture porte claqu\u00e9e \u00b7 Remplacement cylindre standard \u00b7 Diagnostic s\u00e9curit\u00e9 offert<\/td>\n<td>\u00c0 partir de 279 \u20ac<\/td>\n<\/tr>\n<tr>\n<td>Pack S\u00e9r\u00e9nit\u00e9 Haute S\u00e9curit\u00e9<\/td>\n<td>Ouverture porte claqu\u00e9e\/verrouill\u00e9e \u00b7 Cylindre haute s\u00e9curit\u00e9 \u00b7 R\u00e9glage + diagnostic complet<\/td>\n<td>\u00c0 partir de 329 \u20ac<\/td>\n<\/tr>\n<tr>\n<td>Pack Premium Protection<\/td>\n<td>Serrure multipoints 3 points \u00b7 Blindage l\u00e9ger \u00b7 Poign\u00e9e blind\u00e9e + diagnostic<\/td>\n<td>Sur devis<\/td>\n<\/tr>\n<\/tbody>\n<\/table>\n<\/figure>\n\n<p class=\"has-text-color has-link-color wp-elements-c790bd1ee3cf6ed77c2e27bb8e52d266\" style=\"color: #fa7c6b;\"><strong><em>Options Premium<\/em><\/strong><\/p>\n\n<figure class=\"wp-block-table\">\n<table class=\"has-text-color has-link-color has-fixed-layout\" style=\"color: #325386;\">\n<tbody>\n<tr>\n<td>Blindage porte<\/td>\n<td>Sur devis<\/td>\n<\/tr>\n<\/tbody>\n<\/table>\n<\/figure>\n\n<p class=\"has-text-color has-link-color wp-elements-f1aeadfa09392ff5657cea2208ce9404\" style=\"color: #fa7c6b;\"><strong><em>Majoration horaires<\/em><\/strong><\/p>\n\n<figure class=\"wp-block-table\">\n<table class=\"has-white-color has-text-color has-background has-link-color has-fixed-layout\" style=\"background-color: #325386;\">\n<tbody>\n<tr>\n<td>+50% entre 20h00 et 6h00<\/td>\n<\/tr>\n<\/tbody>\n<\/table>\n<\/figure>\n\n<p class=\"has-text-color has-link-color wp-elements-4b825b1f880e88975b8504beffbc958b\" style=\"color: #fa7c6b;\"><strong><em>Frais de d\u00e9placement<\/em><\/strong><\/p>\n\n<figure class=\"wp-block-table\">\n<table class=\"has-white-color has-text-color has-background has-link-color has-fixed-layout\" style=\"background-color: #325386;\">\n<tbody>\n<tr>\n<td>Un forfait de d\u00e9placement s&rsquo;applique selon la zone d&rsquo;intervention.<\/td>\n<\/tr>\n<\/tbody>\n<\/table>\n<\/figure>\n\n<p class=\"has-text-color has-link-color wp-elements-ac2d9fd266693a5fa237dc8a462446c2\" style=\"color: #fa7c6b;\"><strong><em>Solutions Professionnels (Agences, Airbnb, Syndics)<\/em><\/strong><\/p>\n\n<figure class=\"wp-block-table\">\n<table class=\"has-text-color has-link-color\" style=\"color: #325386;\">\n<tbody>\n<tr>\n<td>Pack Maintenance Locaux<\/td>\n<td>Contr\u00f4le complet + r\u00e9glage porte \u00b7 Remplacement cylindre ou serrure<\/td>\n<td>\u00c0 partir de 219 \u20ac<\/td>\n<\/tr>\n<tr>\n<td>Pack Intervention Express<\/td>\n<td>Ouverture porte + remplacement cylindre \u00b7 V\u00e9rification serrure<\/td>\n<td>\u00c0 partir de 249 \u20ac<\/td>\n<\/tr>\n<tr>\n<td>Pack Remplacement Express<\/td>\n<td>Remplacement serrure simple ou multipoints \u00b7 Diagnostic offert<\/td>\n<td>\u00c0 partir de 289 \u20ac<\/td>\n<\/tr>\n<tr>\n<td>Pack S\u00e9r\u00e9nit\u00e9 Immobilier<\/td>\n<td>Serrure multipoints haute s\u00e9curit\u00e9 \u00b7 Blindage + diagnostic offert<\/td>\n<td>\u00c0 partir de 419 \u20ac<\/td>\n<\/tr>\n<\/tbody>\n<\/table>\n<\/figure>\n\t\t\t\t\t\t\t\t<\/div>\n\t\t\t\t\t<\/div>\n\t\t\t\t<\/div>\n\t\t\t\t<\/div>\n\t\t","protected":false},"excerpt":{"rendered":"<p>Ouvertures de portes Ouverture de porte simple claqu\u00e9e \u00c0 partir de 139 \u20ac Ouverture de porte blind\u00e9e claqu\u00e9e \u00c0 partir de [&hellip;]<\/p>\n","protected":false},"author":1,"featured_media":0,"parent":0,"menu_order":0,"comment_status":"closed","ping_status":"closed","template":"elementor_header_footer","meta":{"footnotes":""},"class_list":["post-13","page","type-page","status-publish","hentry"],"_links":{"self":[{"href":"https:\/\/alliance-serrurerie.fr\/index.php\/wp-json\/wp\/v2\/pages\/13","targetHints":{"allow":["GET"]}}],"collection":[{"href":"https:\/\/alliance-serrurerie.fr\/index.php\/wp-json\/wp\/v2\/pages"}],"about":[{"href":"https:\/\/alliance-serrurerie.fr\/index.php\/wp-json\/wp\/v2\/types\/page"}],"author":[{"embeddable":true,"href":"https:\/\/alliance-serrurerie.fr\/index.php\/wp-json\/wp\/v2\/users\/1"}],"replies":[{"embeddable":true,"href":"https:\/\/alliance-serrurerie.fr\/index.php\/wp-json\/wp\/v2\/comments?post=13"}],"version-history":[{"count":19,"href":"https:\/\/alliance-serrurerie.fr\/index.php\/wp-json\/wp\/v2\/pages\/13\/revisions"}],"predecessor-version":[{"id":363,"href":"https:\/\/alliance-serrurerie.fr\/index.php\/wp-json\/wp\/v2\/pages\/13\/revisions\/363"}],"wp:attachment":[{"href":"https:\/\/alliance-serrurerie.fr\/index.php\/wp-json\/wp\/v2\/media?parent=13"}],"curies":[{"name":"wp","href":"https:\/\/api.w.org\/{rel}","templated":true}]}}